 = 11. Is (13/r)/((-1)/9) composite?
True
Let s(n) = 51*n - 65. Let m be s(-13). Let q = 1471 + m. Is q prime?
True
Suppose -3*u = -2*u + y + 3, 8 = 2*u - 5*y. Let q(z) = -5*z - 2. Let i be q(u). Suppose d - 4 = 3*g, 3*d + g - i*g = 19. Is d prime?
True
Let w(j) = j**3 + 18*j**2 + 3*j - 18. Let p be w(-14). Suppose 4*h + 0*h - p = 2*g, 5*g = -20. Is h a prime number?
True
Let t(c) = -29*c**3 - 22*c**2 - 3*c + 7. Is t(-5) a composite number?
True
Let s(i) = 42*i**3 + i**2 - 6*i + 3. Let z = -14 + 16. Is s(z) composite?
False
Suppose -6*u + 30405 = -57477. Is u a composite number?
True
Let d(b) = b**3 - 16*b**2 - 19*b + 21. Is d(20) a composite number?
True
Let x(v) = 7*v**3 - 21*v**2 - 28*v - 12. Let u be x(-15). Is u/(-8) + ((-102)/(-24) - 4) prime?
False
Suppose -h = 2*f - 20457, 0 = 5*h + 26 - 1. Is f a composite number?
True
Let f(b) = b + 1. Let v be f(1). Is (v - -177)*(4 + (-4)/(-4)) a composite number?
True
Suppose -v = -2*a + 48262, 2*a + 3*v = 11*v + 48234. Is a a prime number?
True
Is (2/(-3))/(-7 - (-59575)/8511) prime?
True
Let v(n) = -375*n - 20. Is v(-7) prime?
False
Let r(m) = 2 + 0 + 14*m + 1 + 3. Let z be r(3). Suppose -2*i + 5*v = 3*v - z, -v + 1 = 0. Is i prime?
False
Let x = 107 + -27. Let j be (-2)/((-4)/2)*(-32 + -5). Let o = x + j. Is o a composite number?
False
Suppose -9112 = -2*h - 3*y, -4*y - 381 + 9495 = 2*h. Is h a composite number?
True
Let l = -8 + 8. Suppose l = -5*i - 186 - 179. Let k = i + 192. Is k prime?
False
Let h(p) = -374*p**2 + 5*p - 11. Let g(z) = 748*z**2 - 9*z + 22. Let x(c) = 3*g(c) + 5*h(c). Is x(3) prime?
True
Suppose y + 4 + 0 = 0. Let f(r) = -289*r - 15. Is f(y) a prime number?
False
Suppose -o + 709 = -4*b, o - 2*o + 707 = -3*b. Is o a prime number?
True
Let m(d) = 25*d**2 + 5*d + 11. Is m(-13) composite?
True
Let m = -737 - -742. Let a(k) be the third derivative of 7*k**4/12 + 3*k**3/2 - k**2. Is a(m) a prime number?
True
Let m = -858 - -154. Let g = 1189 + m. Is g*((-8)/(-5))/4 composite?
True
Let t = -9 + 21. Let d be 6 - 4/(16/t). Suppose -63 = -d*v + 123. Is v prime?
False
Suppose 4*f = 4*o + 26540, 2*f = -43*o + 40*o + 13280. Is f a composite number?
False
Suppose 0 = 15*b - 103405 - 48260. Is b composite?
False
Suppose -t - 3*r - 20 = -0*t, 0 = -t + 2*r - 20. Let v = 25 + t. Suppose b + 5*j + 207 = v*b, -3*b = -2*j - 164. Is b prime?
False
Let q(p) = -p**2 + 70*p + 78. Is q(38) prime?
False
Suppose -11*f + 1259674 = 15*f. Is f composite?
False
Suppose -u + 2851 = 2*u + 4*r, 5*u + r - 4780 = 0. Suppose -84*h + 81*h = -u. Is h a composite number?
True
Let m(h) = -28*h + 42491. Is m(0) a prime number?
True
Suppose -2 = -2*a + 6*d - 4*d, 0 = 5*a - 4*d - 8. Suppose -3*o = -3*h + o + 53, -a*h + o + 49 = 0. Suppose n - 3*i - h = 0, 0*n - 4*i = -n + 10. Is n composite?
True
Is 29/(-4)*3755*(-4)/5 prime?
False
Let w(i) = -961*i + 86. Is w(-15) composite?
True
Let y = -8 - -13. Suppose 0 = y*v - 50 - 25. Is 3/v - (-1108)/10 prime?
False
Let o(g) = -g**3 - 18*g**2 + 29*g + 15. Suppose 4*h - 40 = 6*h. Is o(h) prime?
False
Let l = -15324 + 38547. Is l prime?
False
Let h = 18 + -16. Suppose 0 = -h*r + 1007 - 61. Is r a prime number?
False
Is -2 + -3 - 17/(51/(-6174)) a composite number?
False
Let b(z) = 7 + 2*z**3 - 5*z**2 - 11*z - 3*z**3 + 7*z + 6. Is b(-9) a prime number?
True
Suppose -11*p = -16*p + 10. Suppose 5*f - 4*g = 22, -p*f - 3 = f + 3*g. Suppose 5*u + f*o - 603 = 0, 4*u - 4*o = 33 + 427. Is u composite?
True
Suppose -a - b + 626 = 3*b, 2*b = 2*a - 1232. Let r = a - -13. Is r a composite number?
False
Let q = 56 - -1172. Suppose q = -0*r + 4*r. Is r composite?
False
Let m be 16/(-40) + 3/(-5). Let q(a) = 5*a**2 + 2*a + 1. Let t be q(m). Suppose 5*b = -5*h + 3534 + 2886, -4*b = -t*h + 5144. Is h a prime number?
False
Suppose 2*p = -2*h + 47042, -3*h = 5*p - 2*h - 117613. Is p a composite number?
True
Let g(p) = -p + 6. Let j(i) = 2*i - 11. Let u(v) = 9*g(v) + 4*j(v). Let k be u(5). Suppose 4*d - 4*m = 7 + 41, k*m - 15 = 0. Is d a composite number?
True
Let i(t) = t**2 + 3*t - 4. Let o be i(-4). Suppose -4*l - 130 + 1030 = o. Is l/18 + 1/2 prime?
True
Is (-1574)/(804/102 + -8) a composite number?
True
Suppose 0 = -i + 5*p - 20, -3*p = 3*i - 6*i. Suppose -4*n = -3*j + 6*j - 3223, 5*n = i*j - 5430. Is j composite?
True
Let l = 16 + -12. Suppose -f - 1 = -4*j, -j + l*j + 3 = -3*f. Is -91*-1*f/(-1) prime?
False
Let z(n) = 3*n**3 - 18*n**2 - 49*n + 80. Is z(18) a prime number?
False
Let r = 2433 + -1504. Is r a composite number?
False
Let u = -88 - -73. Is (-1285)/u - (3 + (-21)/9) a composite number?
True
Suppose 11*p - 2128 = 908. Let m = p - 149. Is m composite?
False
Let t be (-18)/(-12)*(2 + 0). Let i be ((-4)/(-6))/((-2)/18). Is i/(-18)*t*443 prime?
True
Is (86/(-516))/((-1)/18474) composite?
False
Let a(b) = -101*b**2 + 45*b**3 + 95*b**2 - 1 + 9*b + 0*b. Is a(4) a composite number?
False
Is 3*(-5 + 2 - 178526/(-69)) composite?
False
Is 3*((-80787)/(-36) - (-3)/12) composite?
False
Suppose -q = -986 - 12173. Is q composite?
False
Suppose -3*u - 21 + 5 = -4*i, -4*i + 16 = 2*u. Suppose u*j + 2*j = 1042. Is j prime?
True
Let l = 104 - 100. Suppose 0*w = 2*w - 3*d - 19, 0 = w + 4*d + 7. Suppose a - 78 = -w*f + 69, -l = -f. Is a a composite number?
False
Suppose 3*t - 3705 - 6315 = 0. Suppose -3*a - 2*v - v = -2505, 0 = 4*a - 2*v - t. Is a a composite number?
True
Suppose -2*d + 4*f = -3*d + 917, 0 = 3*d - 3*f - 2751. Is d prime?
False
Let y = 8 - 8. Suppose 0*n - n = y. Is (-3 + n)*(-2 + -15) a prime number?
False
Let h(a) = 1100*a**2 - 3*a + 2. Let c be (6/(-5))/(-6)*5. Is h(c) prime?
False
Let l = 33278 - 23611. Is l composite?
True
Let i(p) = -43*p**3 - 3*p**2 + 1. Let g be i(-4). Is g/10*(-2*1)/(-1) a composite number?
False
Let c be 210/(-25) - 6/10. Let l = 24 + c. Suppose -2*o + l + 7 = 0. Is o composite?
False
Suppose 19 = s + 6. Let t = -13 + s. Suppose t = 3*f + l - 116 - 57, f - 4*l = 62. Is f prime?
False
Let k be (-1)/7 - 30/(-14). Suppose -2*u - 3*m - 9 = 0, -4 - 6 = k*m. Suppose u*q - 590 = -2*q. Is q prime?
False
Suppose 13216 = 8*f + 488. Is f composite?
True
Let b = 0 - 6. Let p = -9 - b. Is 51 - 6/9*p composite?
False
Suppose 28*j + 4*u - 11123 = 23*j, 0 = 4*j - 4*u - 8920. Is j a prime number?
False
Suppose 4*h - 7*h = -2*q + 42325, -5*q = 2*h - 105765. Is q composite?
True
Let o be 2 + -3*245/(-15). Let q = 500 - o. Is q composite?
False
Let k(v) = -39*v - 3. Let b(q) = 38*q + 4. Let y(m) = 5*b(m) + 6*k(m). Let s(f) = f + 27. Let g be s(-28). Is y(g) a prime number?
False
Let g(f) be the third derivative of -f**6/30 - f**5/10 + f**4/8 - 2*f**3/3 - 5*f**2. Suppose 0*q + 10 = -2*q. Is g(q) a composite number?
False
Let r be 35/2 + (-2)/(-4). Let g be (30 + -5)*(-6 - (-190)/25). Let z = g + r. Is z a prime number?
False
Let s be 1 - 5 - (-2 + -5). Is 1924/s - (-10)/(-30) composite?
False
Let o(m) = -28*m**3 + 3*m**2 - 43*m + 23. Is o(-12) a composite number?
True
Let q(j) = -15 + 4*j**2 - 4*j + 9 + 2*j - 3. Is q(-3) composite?
True
Let a(j) = 26982*j**3 - 3*j**2 + 2. Is a(1) prime?
True
Let w(l) be the second derivative of 4*l**4/3 - l**2/2 - 5*l. Let j be w(-1). Suppose 2*h - j = 23. Is h a composite number?
False
Let h = 722 + 368. Let b = h - -453. Is b prime?
True
Let w(z) = 10*z**3 + 2*z**2 - 6*z - 10. Let k(c) = -19*c**3 - 4*c**2 + 13*c + 21. Let h(s) = -3*k(s) - 7*w(s). Is h(-3) composite?
False
Suppose -h - o = -580, 5*o + 2192 + 101 = 4*h. Is h composite?
False
Suppose 6102 = 11*r + 7*r. Is r composite?
True
Let d(p) = -p - 11. Let j = -13 + 9. Let t be d(j). Let s(m) = -m**3 - 2*m**2 + 4*m - 14. Is s(t) prime?
False
Let t = -4707 - -8668. Is t composite?
True
Suppose 8*d = -10103 + 32319. Is d composite?
False
Suppose 0*t + 3*a = 2*t - 14, 0 = -5*t - 5*a + 60. Let k be (-153)/(1 - t/4). Suppose k = q - 61. Is q prime?
True
Suppose -9 = -2*q - 1, 40 = 4*p + 2*q. Let z = -5 + p. Suppose 0 = h + 5 - 0, -z*f + 624 = 3*h. Is f prime?
False
Let g(a) = -a**2 - 12*a + 19. Let w be g(-13). Suppose -5*d - 2*z + 14821 = 0, 5*d + w*z - z - 14830 = 0. Is d composite?
False
Let j(l) = 6*l**2 + 38*l - 13. Let h = -147 - -157. Is j(h) a composite number?
False
Let m(h) be the second derivative of h**4/6 + h**3/2 - 7*h**2/2 + 2*h. Let k be (-21 + 13)*(-3)/4. Is m(k) a composite n